at is the tens digit of i?
1
Suppose h = -2*v - 4*h - 33, -2*v - 4*h - 28 = 0. What is the units digit of (3 - 14/4)*v?
2
Suppose 0 = 6*s - 2*s + 4, 558 = 3*k - 3*s. Suppose -t - c + k = 2*t, 5*t = c + 319. Suppose -1 = -3*y + 8, 0 = -2*m - 5*y + t. What is the units digit of m?
4
What is the tens digit of (-512850)/(-520) + (-6)/(-8)?
8
Suppose d - 6*d = -20. Suppose 3*x - 2*y - 237 = -0*y, -x + 65 = d*y. What is the tens digit of x?
7
Let p = 1643 - -3751. Suppose -5*k + 0*k - 3*q - 8958 = 0, 3*k = 3*q - p. What is the tens digit of k/(-65) - (-4)/10?
2
Let j be 2/(4/6) - 0. Suppose l = -j*r + 105, 0 = -4*r + 3*r + 3. What is the tens digit of l?
9
Suppose 0 = 2*i + 1 + 19. Let l be -22 + (2*i)/5. Let g = l - -72. What is the tens digit of g?
4
Suppose 0 = 4*i + 26*i - 72330. What is the units digit of i?
1
Let o = -22 - -19. Let l be (o - 0)/((-18)/12). What is the units digit of -32*(l - 11/4)?
4
Suppose -5*v - 7 = 113. Let r = -14 - v. Suppose -r - 10 = 4*o, -m + o = -35. What is the units digit of m?
0
Suppose -21*z + 15750 = -6*z. What is the units digit of z?
0
Let q be ((-9)/(-2))/(6/(-16)). Let n be -2 + (q/3 - -6). Suppose -2*i + 52 = 3*a, 2*i + n*a = 3*a + 40. What is the units digit of i?
3
Let j be (-162)/2 - (-6 + 5/1). Suppose 88 = -3*b - 77. Let l = b - j. What is the units digit of l?
5
Suppose -1823*s + 1825*s - 2210 = 0. What is the units digit of s?
5
Suppose 12094 = 16*u + 830. What is the tens digit of u?
0
What is the units digit of 1 + -22 - -1231 - 3*2?
4
Let d be (416/10)/((-2)/(-10)). What is the tens digit of 3*(d/6)/4?
2
Let w = 107 - 68. Let d = -18 + w. What is the tens digit of d?
2
Suppose -2078 - 71 = -7*r. What is the tens digit of r?
0
Let t be (-4)/(-10) + (-936)/(-60). Let c(d) = -31*d + t*d + 19 + 16*d. What is the units digit of c(-18)?
1
Let z(r) = -r**3 + 2*r**2 + 2*r - 4. Let a = -3 - -6. Let w be z(a). Let f(s) = -s**3 - 6*s**2 + 5*s - 6. What is the units digit of f(w)?
8
Suppose 9326 = 15*l + 686. What is the units digit of l?
6
Let w(o) = -3*o**3 + o**2 + 34*o + 179. What is the hundreds digit of w(-6)?
6
Suppose r - h = -7, -3*r + 4*h = 23 + 3. What is the units digit of -3 - (r + -44) - -4?
7
Let l = 44 + 3. Suppose 5*x = 2*m - 71, 2*x + x + m = -l. Let s(u) = u + 24. What is the units digit of s(x)?
9
Let a(z) = z**2 + 10*z + 3. Let g(u) = 4*u + 2. Let f be g(-3). Let s be a(f). Suppose -24 = s*j - 138. What is the units digit of j?
8
Suppose -100 = 10*k + 390. Let q = k - -92. What is the tens digit of q?
4
Let l = 6902 - 4065. What is the tens digit of l?
3
Let j(h) = -3*h - 6. Let u be j(-2). Suppose i - 3*w = 2*w + 39, -4*i + 3*w + 241 = u. What is the units digit of i?
4
What is the tens digit of (6 - 9) + 5 + 243?
4
Suppose 42 = 3*k + 12. Suppose -3*t + 32 = 5. Let v = k + t. What is the tens digit of v?
1
Suppose -327 - 416 = -u. What is the hundreds digit of u?
7
Let h = 120 - 180. Suppose 2*i - 15 = -6*u + 3*u, 9 = i + 2*u. What is the units digit of (-2)/i*h/4?
0
Let x be (-3)/(-15) + ((-948)/(-10) - 0). Let j = x + -16. What is the tens digit of j?
7
Suppose t + v = 0, -5*v - 13 - 17 = -t. Suppose 2*x - q - 11 = -x, -t*q - 19 = 3*x. Suppose y = x*y - 5. What is the units digit of y?
5
Suppose -3*v + 50 = 2*q, 6*q + 2*v + 49 = 9*q. Let o be (-2)/2 + 0 - -24. Let x = q + o. What is the units digit of x?
2
Suppose 0 = 3*l + 1 - 67. Let r = l - 32. Let s(a) = -8*a - 16. What is the tens digit of s(r)?
6
Let u be 48/(2 - (-82)/(-44)). Suppose -5*o = -9*o - u. What is the units digit of 2/(-6) + o/(-3)?
9
What is the tens digit of (-12)/(-14)*7 + 67?
7
What is the units digit of (-56)/(5 - (-126)/(-24))?
4
Let y(s) = -34*s + 60. What is the tens digit of y(-26)?
4
Suppose 0 = -32*s + 29*s - 5*h + 1503, 3*h + 2033 = 4*s. What is the units digit of s?
6
Let j(q) = -q + 5. Let g be j(7). Let c be g/(-6) + (-12)/36. Suppose c = y + 5*b + 4 - 57, 79 = 2*y + b. What is the tens digit of y?
3
Let d = -31 + 35. Let v(n) = 4*n**2 - 2*n + 4. What is the units digit of v(d)?
0
Let x(v) = 4*v**2 - 14*v + 121. What is the thousands digit of x(18)?
1
Let r be 3 + 3 + (-8 - -2). Let g(d) = d**3 + 34. Let l be g(r). Suppose 2*i = -2*i + 2*m + l, 13 = 3*i + m. What is the units digit of i?
6
Let i = 543 + -188. What is the units digit of i?
5
Suppose 70*o - 89*o = -9462. What is the units digit of o?
8
Let d be (0/(-2 - 1))/(-2). Suppose -c - 1 - 17 = d. What is the units digit of -1 + -1 - (-8 + c)?
4
Let l(u) = 2*u**2 + 10*u - 8. Let n be l(-6). What is the hundreds digit of n/10 - 1626/(-10)?
1
Suppose 2*z + 50 = 4*x, -3*x + x + 46 = -2*z. Let u = z + 51. What is the units digit of u?
0
Suppose -b + 32 = -355. What is the units digit of b?
7
What is the units digit of (-1920780)/(-600) - (26/20 - 1)?
1
Suppose 6*h = -7*h + 6045. What is the units digit of h?
5
Suppose 6*f - 2477 = 1057. What is the units digit of f?
9
Let t be 8/3*6/4. Suppose 0*x = -t*j + 2*x + 98, 3*j = -2*x + 63. What is the tens digit of j?
2
Let r be (-46)/4 + (-5)/10. Let s = 58 - r. What is the units digit of s?
0
Let i = -8 - -14. Suppose 0 = -i*s - 107 + 509. Let p = 114 - s. What is the units digit of p?
7
Suppose -8 = -2*o - 0. Suppose d = -i - o, -2*i - 29 = -4*d + 9. What is the units digit of 1/(-3) + (-12)/i?
1
Let w be 2/(-3)*(50 - 17). Let p = -14 - w. Suppose -2*y + m + p = 0, 3*m + 11 = y - m. What is the units digit of y?
3
Suppose 2*z - 780 = -0*z. Suppose z = v + 4*v. What is the units digit of v?
8
Let c be (-35 + 10)*(-2)/10. What is the tens digit of (2 - -3)*13/c?
1
Let g(h) = -h**3 - 8*h**2 - 5*h + 9. Let o be g(-7). Let j(a) = -21*a - 3. Let k be j(o). Suppose -4*q = 30 - k. What is the tens digit of q?
1
Let i be 2*(-4)/(32/(-372)). Let c = -61 - -24. Let z = i + c. What is the tens digit of z?
5
Let j be 5/((-15)/6) + 6. Suppose 13*x = 9*x + 24. Suppose 0*p - p = 5*a + 3, j*a = p - x. What is the units digit of p?
2
Let p = 49 - 49. Suppose 5*s + 2*m - 397 = -m, p = -3*m - 3. What is the tens digit of s?
8
Suppose 4980 = -35*a + 62345. What is the hundreds digit of a?
6
Let s(v) = v**3 - 3*v**2 + 2*v + 3. Let l be s(4). Let y be (l - 3)*39/12. Let c = 111 - y. What is the units digit of c?
3
Let c(s) = -s + 10. Let m be c(5). Suppose 725 = m*h + 5*b, 2*h = -h + 4*b + 428. What is the units digit of h?
4
Let z(b) be the first derivative of -31*b**2/2 + 2*b + 1. What is the tens digit of z(-3)?
9
Let i(q) = -4*q + 1. Let t = 26 + -38. What is the tens digit of i(t)?
4
Suppose 5*r - 84 = -64. Let v be 18/8 - 2/8. Suppose r*k + f = 62, 4*k = -v*f + 10 + 50. What is the units digit of k?
6
Suppose j + 20 = 3*v, -4*v - v + 5 = 4*j. Let i be v/(20/8) - 0. Suppose i*k - 38 + 14 = -3*p, 0 = -4*k + 2*p + 16. What is the units digit of k?
6
What is the hundreds digit of ((-4)/(-8))/(9/6714)?
3
Let o be (4/2)/(4/18). Let i be -5 + 0 + o/3. What is the units digit of 17/i*(3 - 5)?
7
What is the hundreds digit of 64/30 - 2 - 51288/(-90)?
5
Let l = -1865 + 1271. Let i = 858 + l. What is the tens digit of i?
6
What is the units digit of ((-5)/((-75)/(-4180)))/((-6)/18)?
6
Let d(t) = 3*t**3 - 3*t**2 - 12. Let p be d(7). Suppose 618 = 8*g - p. What is the tens digit of g?
8
Let y be 17*2/(-6)*-3. Let a = y - 19. What is the units digit of (4 - a)*45/6?
5
Let k be (-3)/(51/13 - 4). What is the units digit of 16/104 + 2217/k?
7
Let z be -4*-2*9/24. Suppose 4*q + z = -1. What is the tens digit of (q/((-1)/47))/1?
4
What is the units digit of (-60)/16*(-200)/15?
0
Let j = 16 + -3. Suppose -18*v = -j*v - 530. What is the tens digit of v?
0
Let x = 514 - 419. What is the units digit of x?
5
Let n(p) be the third derivative of -p**7/2520 - 7*p**6/720 + p**5/12 - 6*p**2. Let x(b) be the third derivative of n(b). What is the units digit of x(-6)?
5
Let v(p) be the second derivative of p**4/4 + 13*p**3/6 + 9*p**2 + 47*p. What is the units digit of v(-11)?
8
Suppose -4*z = 3*h - 8*h + 890, -5*h + 890 = -3*z. Suppose 2*o - 98 = -2*c - 0*o, 4*c - 2*o = h. What is the tens digit of c?
4
Suppose 782 + 15368 = 10*n. What is the units digit of n?
5
Suppose 243 - 419 = -4*i. Suppose -5*t + 4 = -6. Suppose -a - i = -t*a. What is the units digit of a?
4
Let v(q) = 81*q - 116. What is the units digit of v(4)?
8
Suppose -15 = -3*m + 4*h + 2